 What is the remainder when k is divided by h?
15
Let p = -200 + 204. What is the remainder when p is divided by 3?
1
Let v = 24 - 33. Suppose -y + 0*y = -57. What is the remainder when y is divided by 182/9 + ((-4)/v)/(-2)?
17
Suppose 3*y = 46 - 7. Let v(a) = a**3 - 5*a**2 + 9*a - 2. What is the remainder when y is divided by v(2)?
1
Let q = 4 - 3. Let g(l) = -13*l**2 - 3*l + 4. What is the remainder when g(0) is divided by q?
0
Let x(z) = -2*z**2 + 35*z - 2. What is the remainder when 101 is divided by x(15)?
28
Let k(y) = -y**3 + 9*y**2 - 9*y + 11. Let o be k(8). What is the remainder when (-110)/((30/o)/(-5)) is divided by 14?
13
Suppose 0 = -9*y - 530 + 1412. What is the remainder when y is divided by 13?
7
Let f(i) = -i**3 + 3*i**2 + i + 2. Let l be f(3). Suppose l*q = -25 + 115. Calculate the remainder when q is divided by 8.
2
Suppose -19*t = -17*t - 22. Suppose -t*h + 6*h + 35 = 0. What is the remainder when 39 is divided by h?
4
Let x be 66/8 + -2*12/(-32). Let i = x + 9. What is the remainder when 52 is divided by i?
16
Let p(w) = 3*w + 3. What is the remainder when (-259)/(-3)*(-144)/(-168) is divided by p(4)?
14
Suppose 0*v - 3*v + 15 = 0. Suppose 5*w = r - 12, 2*r + v*w - 123 = -2*r. What is the remainder when 132 is divided by r?
24
Let p = 95 + -72. Calculate the remainder when p is divided by 3.
2
Let r(p) = -p**3 - 7*p**2 - 6*p - 26. Let q be r(-8). Let x = 115 - q. Calculate the remainder when 69 is divided by x.
11
Let f(g) = -37*g**3 + g + 1. Calculate the remainder when f(-1) is divided by 5*7/(-140) + (-162)/(-8).
17
Suppose 4*w + 233 = 4*m - 263, 1 = -w. Suppose -p - g = g - 19, 2*p - 5*g - 47 = 0. What is the remainder when m is divided by p?
18
Let s = 520 + -5. Calculate the remainder when s is divided by 104.
99
Let k = 82 + -27. Suppose 0 = 11*a - 16*a + k. Calculate the remainder when 21 is divided by a.
10
Let u be -2 + -2 + 1*130. Let n = u - 22. Let c = n - 37. Calculate the remainder when c is divided by 18.
13
Let r = -1 + -1. Calculate the remainder when (4/3)/((-3)/(-36)) is divided by 2/4 - 17/r.
7
Let b = 8 - 1. What is the remainder when b is divided by 1576/312 - 10/195?
2
Calculate the remainder when (-349011)/(-1287) + (-4)/22 is divided by 58.
39
Suppose 5*a - 4*n = 114, 2*a + 4*n = 3*a - 10. Calculate the remainder when a is divided by 4 + 9/12*4.
5
Let x(v) be the second derivative of 7*v**4/2 + v**3/6 - v**2/2 - 6*v. Let k = -56 + 65. Calculate the remainder when x(1) is divided by k.
6
Let b = 118 - -59. Calculate the remainder when b is divided by 36.
33
Let y = 93 + -84. Let i = -93 + 110. Calculate the remainder when i is divided by y.
8
Calculate the remainder when (-58)/(-609) + (-754)/(-21) is divided by 7.
1
Let d = 360 - 192. Suppose -32 = -8*w + d. What is the remainder when w is divided by 9?
7
Suppose 0 = -0*g + 4*g - 5*g. Suppose 8*r - 3*r + o - 189 = g, 5*r + 3*o - 197 = 0. Calculate the remainder when r is divided by 13.
11
Let q = -1136 - -1216. What is the remainder when q is divided by 34?
12
Suppose 3*o + 13 = 52. Let r be o/(-5) + (-12)/(-20). Calculate the remainder when ((-56)/12)/(r/3) is divided by 4.
3
Suppose c = 4*f - 295, 0 = -f + 3*f - 3*c - 155. What is the remainder when f is divided by 63?
10
Suppose -q + 0*q + 37 = w, 27 = w - q. Suppose 8 + 4 = -2*k. What is the remainder when w is divided by 9 - (-30)/k - (1 - 9)?
8
Suppose 2*b - 3*y - 17 = 0, -30*y + 4 = b - 33*y. Calculate the remainder when 1064 is divided by b.
11
Suppose 0*l - 432 = -12*l. Suppose l = 5*y - 49. What is the remainder when y is divided by 6?
5
Suppose 5*c = -3*g + 46, 5*c + 8 = 33. Suppose -24 = -4*i + g*i. Let f = i + 42. Calculate the remainder when f is divided by 18.
16
Suppose 0 = -r - 4*m + 31, -5*r + 22*m + 83 = 24*m. What is the remainder when r is divided by 9?
6
Let p(f) be the first derivative of -f**2 + 2*f - 5. Let o be p(-1). Suppose 28 + 0 = o*r. What is the remainder when 20 is divided by r?
6
Suppose 3*m + 3*x + 2*x = 66, 3*m = 2*x + 66. Let o = -89 - -148. Let t = o + -47. Calculate the remainder when m is divided by t.
10
Suppose 0 = -o + 2*a + 45, -5*o + 2*a - 95 = -336. What is the remainder when o is divided by -4*((-1)/2 + -3)?
7
Let h = 32 - 46. Let g = 0 - h. Calculate the remainder when 54 is divided by g.
12
Suppose 5*n = -n + 24. Suppose 2*c + 10 = 5*l + 36, 24 = n*c + 4*l. What is the remainder when 30 is divided by c?
6
Let z be (0 - 1 - -4) + -5. Let o be 12/z*(-4)/6. Calculate the remainder when 3/o - (-49)/4 is divided by 4.
1
Suppose 4*v = -16 + 104. Let m(b) = -2*b + 45. Let y be m(20). Suppose 5*o - 175 = -3*l + o, 0 = -y*l + 3*o + 340. What is the remainder when l is divided by v?
21
Let r(u) = -2*u + 6. Suppose -2*x = 3*x + 25. Let p be r(x). Suppose 4*g + 0*g - p = 0. Calculate the remainder when g is divided by 3.
1
Suppose 666 = 2*h + 16*h. What is the remainder when 220 is divided by h?
35
Let u(a) be the second derivative of -a**5/20 - a**4/2 + a**3/6 + 3*a**2/2 + a. Let x be u(-6). Calculate the remainder when 3 is divided by 1 + x/12*0.
0
Let l(k) = k - 1. Let u(x) = -2*x - 6. Let h(b) = -5*l(b) - u(b). Calculate the remainder when 112 is divided by h(-9).
36
Suppose -3*i - i + 112 = -w, w + 31 = i. Suppose 3*r = -4*p + 242, -3*r + p + 240 = 4*p. What is the remainder when r is divided by i?
24
Suppose 11*j - 43 - 298 = 286. Let a = 4 - -6. What is the remainder when j is divided by a?
7
Let z be 2/(2 - 1/((-244)/(-496))). Let n = z - -66. What is the remainder when 28 is divided by n?
3
Suppose h + 2*l - 68 = -19, 3*h = -3*l + 135. What is the remainder when 114 is divided by h?
32
Let p(s) = -53*s + 58*s + 5 + 8 + 1. What is the remainder when p(8) is divided by 19?
16
Let s = 255 - 73. What is the remainder when s is divided by 41?
18
Let z(u) = u**3 - 24*u**2 + 17*u + 289. Calculate the remainder when z(23) is divided by 83.
68
Let k be ((-1)/2)/((-1)/12). Suppose k*n = 10*n. Suppose -2*r - 2*i + 70 = -n*i, -i - 140 = -4*r. What is the remainder when r is divided by 13?
9
Suppose 0 = -6*o + o + 25. Let z(v) = 3*v**2 - v + 5. Let u be z(3). Let w = -14 + u. Calculate the remainder when w is divided by o.
0
Let n(i) be the first derivative of -1/3*i**3 + 8*i + 15/2*i**2 + 3. What is the remainder when n(14) is divided by 5?
2
Suppose 144 = -4*r + 8*r. Suppose 0 = -4*l + 7*l - r. Let k = l + -3. Calculate the remainder when 17 is divided by k.
8
Let l(b) = -5*b + 1. Let y(f) = -2*f + 16. Let h be y(11). Let x be l(h). Suppose -9 = -4*c + x. What is the remainder when c is divided by 6?
4
Let b = -46 + 127. Suppose 4*m = -f + 34, 4*m = -7*f + 2*f + 90. Calculate the remainder when b is divided by f.
11
Let i = 42 - 22. Suppose -2*h + 678 = 2*m + m, 1036 = 3*h - 5*m. Suppose 0 = -0*y + 9*y - h. What is the remainder when y is divided by i?
18
Let y(c) = -c**3 + 8*c**2 + 5. Let w be y(8). Let f = w - 0. Suppose 0 = z + 2*z - 9. Calculate the remainder when f is divided by z.
2
Suppose 4*a = -d + 681, -4*a + d + 340 + 347 = 0. Suppose 0 = 7*w - 613 - a. What is the remainder when w is divided by 17?
10
Let x(g) = -g**3 - 4*g**2 + g + 3. Let j be x(-4). Let c = 8 - -3. Let n = c - j. Calculate the remainder when 35 is divided by n.
11
Suppose 4*h = 3*h. Let c be 0 + 1 + h + -19. Let i = c - -35. What is the remainder when 66 is divided by i?
15
Suppose x - y = 27, -58 = 4*x + 5*y - 184. Let b = -6 + x. Calculate the remainder when 44 is divided by b.
21
Suppose 0 = 3*c - 2*c + 20. Let k be 6/(-12)*8 + -3. Let u = k - c. What is the remainder when 51 is divided by u?
12
Suppose 0 = 5*j + 3*x - 0 - 35, 0 = 4*j - x - 45. Calculate the remainder when 24 is divided by j.
4
Calculate the remainder when (-2475)/(-117) - -6*(-3)/117 is divided by 11.
10
Suppose -2*f = 4*n - 46, 2*n = -2*f + 16 + 32. Let g(c) = 42*c**2 + 51*c + 106. Calculate the remainder when g(-2) is divided by f.
22
Let u(n) = -n + 85. What is the remainder when 283 is divided by u(-12)?
89
Let s = -348 + 362. Calculate the remainder when 25 is divided by s.
11
Let m(s) = 12*s**2 + 14*s - 198. What is the remainder when m(10) is divided by 88?
86
Let q(u) = u**3 - 6*u**2 + 4*u - 18. Let j(l) = l**3 + 2*l - 2. What is the remainder when j(2) is divided by q(6)?
4
Suppose -3*l = -0 - 6. S